Let g(i) = x*b(i) + 6*q(i). Calculate g(7).
-1
Let h(c) = c**2 + 18*c + 69. Let z(v) = -296*v - 6814. Let d be z(-23). Give h(d).
-3
Let x(v) = 24*v. Suppose 4*b - 10*b + 30 = 0. Let u(p) = -99*p. Let m(t) = b*u(t) + 21*x(t). Calculate m(1).
9
Let d(y) = 145 - 54 + y**2 - y - 34 - 54 - 2*y. Suppose 4*s + 4*z = 2*z + 8, -4*z = -2*s + 4. What is d(s)?
1
Let a(n) = -65*n + 417. Let p(m) = 74*m - 476. Let l(t) = -17*a(t) - 15*p(t). Determine l(-8).
91
Let v(r) = 7*r + 32*r**2 - 35*r**2 + 4 - 1 - 2*r. Let t(p) = 3*p - 29. Let d be t(11). Give v(d).
-25
Let n(t) be the second derivative of 7*t**4/12 - 55*t**3/2 + 165*t**2/2 - 3*t - 1767. What is n(1)?
7
Let n(x) = -8*x**2 - 72*x + 3*x**2 + 3 - x**3 + 67*x. Let u(q) = 12*q + 44. Let j be u(-4). Give n(j).
7
Let z(g) = -140*g + 433*g - 142*g - 145*g + 70 + 27. Give z(-11).
31
Let o(i) be the second derivative of 5*i**4/6 - i**2/2 + 2*i. Let a = 36 + -133. Let j = a + 96. Determine o(j).
9
Suppose 5*t = -157 + 157. Let f(j) = 5 - 2 + t - 2*j. Let r be (5/2)/(1/(-2)). What is f(r)?
13
Let r(l) = l - 1. Let k = -29 + 30. Let c(i) = -i**2 + 3*i + 13. Let a(s) = k*c(s) + 3*r(s). Suppose o - 18 = 2*u, 0 = 4*o - 7*o + u + 29. Determine a(o).
-6
Let n be ((225/(-18))/5)/(1/(-2)). Suppose 0 = 2*u + n*f - 17, -4*u + 9*f = 7*f + 2. Let q(b) = b - 2. What is q(u)?
-1
Let m(f) = 5*f**2 - 5*f**3 - 9*f**2 + 5*f + 6 + 3*f**2. Let p(c) = 13*c**2 - 5*c - 6*c**2 - 4*c**2 - 4*c - 12 + 9*c**3. Let z(b) = -7*m(b) - 4*p(b). Give z(-5).
1
Let m = -321 + 326. Let a(x) = -2*x**3 + 14*x**2 - 10*x + 2. Let n(u) = -u**3 + 7*u**2 - 5*u + 1. Let f(d) = m*n(d) - 3*a(d). Give f(6).
-7
Let d(j) = -9*j - 8*j + 10*j + 16 + 7 + 4*j. Calculate d(6).
5
Let t(y) = y - 3. Let p be t(-4). Suppose -3*x = -4*b + 7 - 0, x - 3 = 0. Let k(u) = 281*u + 3*u**2 - 289*u - b*u**2. Calculate k(p).
7
Let p = 28173 - 28164. Let g(k) = k**2 + 10*k - 7. Determine g(p).
164
Let r(h) = -3*h**3 - 12*h**2 + 3*h + 7. Let y(x) = -x + 29 - 27 + 2*x - x**3. Let t(n) = -r(n) + 2*y(n). Calculate t(-12).
9
Let s(x) = -4*x**2 + 4*x + x**2 + 2*x**2 + 1. Suppose -14*a - 497 = -1197. Suppose a + 58 = 36*g. What is s(g)?
4
Let b(d) = -d**2 - 5*d - 2. Let v(f) = -4*f**2 - 16*f - 19. Let a(m) = 5*b(m) - v(m). Calculate a(-10).
-1
Let d(y) = y + 9. Let z(m) = 22*m + 10. Let n(a) = -25*a - 9. Let k(r) = -5*n(r) - 6*z(r). Let l be k(-1). What is d(l)?
1
Let o be ((-14)/(-4) + -2)*(-246 + 248). Let g(q) be the first derivative of -q**4/2 + 4*q**3/3 + 4*q + 5. Give g(o).
-14
Let v(a) = -a**3 + a. Let c(f) = -4*f**3 + 8*f**2 - 12*f - 5. Let m(r) = -c(r) + 3*v(r). Let p be m(5). Let x(s) = -s + 5. What is x(p)?
0
Suppose -3*v = f + 107, -2*v = -3*v - f - 35. Let t(j) = 4*j + 138. Let i be t(v). Let s(c) = -c**2 - 4*c + 6. Give s(i).
-6
Let b be (-4 - -5) + 5 + (7 - 4) + -6. Let s(l) = -3*l**2 - 3*l + 38. Calculate s(b).
2
Let k(c) = 41 + 0*c + 9*c**2 + 0*c + 13*c - 72 - c**3. Determine k(10).
-1
Let i(f) = f**3 + 2*f**2 - f + 3. Let a be (2 - (1 - 1))*30/4. Suppose -4*o - o = 5*r, 4*o = r + a. Let u be 3/(o/(-7)) - -4. Give i(u).
-3
Let u(o) = 4*o - 4*o + 0*o + 490 + 2*o - 465. Give u(18).
61
Let m(x) = x**2 - 10 + 421098*x + 2 - 421089*x. Suppose -5*o = 4*t + 65, -2*o - 2*o - 21 = -3*t. Calculate m(o).
-8
Let a be 76518/(-312) + (1 - 6/8). Let x = -251 - a. Let y(w) = w**2 + 6*w + 1. Determine y(x).
1
Let y = 361 + -342. Let d(n) = -13 - n - 9 - y + 43. Calculate d(-7).
9
Let f(a) be the second derivative of a**4/6 - a**3/6 + a**2 - 12*a. Let u be f(1). Let s(g) = 15*g**2 - 2 - u*g**2 - 13*g**2 - 6*g. What is s(-6)?
-2
Let h(r) = 20*r**3 + 2*r**2 - r. Let f(m) be the first derivative of m**2/2 + 4*m - 12. Let u be f(4). Suppose 6 - u = -2*k. What is h(k)?
21
Let r(g) = g**3 + 3*g**2 - 11*g + 6. Suppose -24 = 4*y + 3*a - 2*a, -a = 0. Determine r(y).
-36
Let z(b) = -b**3 + b + 12. Let t(j) = j + 8. Suppose 0 = 4*p - 16, 3*w - 2*w = 2*p - 16. Let l be t(w). Calculate z(l).
12
Let r(w) be the third derivative of -w**6/120 + 7*w**5/60 + 3*w**4/4 + w**3/2 + 2*w**2 - 240. Determine r(9).
3
Let i(u) be the third derivative of -u**6/120 + u**5/10 + 5*u**4/24 + 3*u**3/2 + 184*u**2. Let g = -7 - -6. Let t be (-28)/(-4)*(g + 2). What is i(t)?
-5
Let c(r) be the second derivative of -13*r**3/6 - r**2 + 29*r. Let y = 1346 - 1344. Determine c(y).
-28
Let l be 36/(-27)*(-2)/(-4)*-9. Let n(y) = -8*y - 12*y + 19*y - l*y**2. Determine n(1).
-7
Let n be 4/(-6) - 28/(-6). Suppose -4*w + 0*d + 2 = d, 10 = n*w - 3*d. Let h(s) = -174*s**3 + 72*s**3 + s**2 + 46*s**3 + 43*s**3 - 1. Calculate h(w).
-13
Let y(n) = -2*n + 1. Suppose 4*u + 126 = 2. Let m = -27 - u. Suppose -4*b + m*o = -12, 0 = -5*b + 3*b + 4*o + 6. Give y(b).
-5
Let c(b) = -5*b - 5. Let r(i) = -17*i + 130. Suppose -3*y - 4*q = -40, 5*q - 60 = 10*y - 15*y. Let g be r(y). Give c(g).
25
Let f(l) be the first derivative of l**6/360 + l**5/24 + l**4/6 - 19*l**3/3 - 2*l + 34. Let q(i) be the third derivative of f(i). Determine q(-5).
4
Let l(z) = 2*z. Let o be (-7)/(1/(-2) - (6 - 6)). Suppose 5*v + 0 - 10 = 0. Suppose -4*d - o = -v. Determine l(d).
-6
Let u(o) = o**2 + 3*o - 3. Let g(v) = 2*v**2 + 19*v + 2 - 10 - 6. Let z be 121/(-11) - (1 + -2). Let r be g(z). What is u(r)?
1
Let z(r) = r - 3. Suppose -12*m + 13*m = -5*o - 93, 3*m + 13 = -o. Determine z(o).
-22
Let c(t) = 6*t + 239. Suppose 603 - 2019 = 98*i + 2700. Calculate c(i).
-13
Suppose f + 5*c = -19, -4*f = -c - 1 - 28. Suppose 5*g = 9 + f. Let p(j) = -3199 - 3189 - 3191 + j + 9579. Give p(g).
3
Let g = 75 + -70. Suppose h = 5*t - 26, -g + 3 = -t - 3*h. Suppose 3*k + v + 1 + 19 = 0, -4*k + 5 = -t*v. Let a(c) = c + 1. Determine a(k).
-4
Let o(b) be the second derivative of -2*b**3 - 57*b**2/2 - 6*b - 54. Determine o(-5).
3
Suppose -2*v - 2*x + 4 = 0, -2*v = 3*x - 0*x. Let c(l) = 2*l - 1. Let f(i) = 16*i - 7. Let y(r) = v*c(r) - f(r). What is y(-1)?
5
Let t(y) = -2*y**2 - 23*y - 108 + 47 + 27 + 33. Determine t(-10).
29
Let v(z) be the third derivative of -z**6/120 + z**5/12 + z**4/24 + 25*z**3/6 + 14*z**2 - 3*z + 4. Calculate v(6).
-5
Let p be 4/(-6) - 23/(-3). Let c(r) = -1436*r**2 + r - 1. Let o(k) = -2873*k**2 + 9*k - 4. Let f(x) = -2*c(x) + o(x). Give f(p).
-2
Suppose -4*j - n = j - 4, 3*j + 2 = -5*n. Suppose 2*y = j - 13. Let t be 11/(-33) - 32/y. Let f(d) = d**2 - 4*d - 5. Calculate f(t).
0
Suppose 9 + 6 = -3*j + 3*z, -10 = 4*j - 2*z. Let m(t) = t + j + 0 + 4 - 2. Calculate m(-12).
-10
Let x(p) = 74*p**2 + 32*p + 66*p**2 + 5 - 136*p**2. Let c be x(-8). Suppose 4*y - c = 3*y. Let f(a) = a**2 - 8*a + 2. Calculate f(y).
-13
Let q(k) = k**2 - k. Let v(i) be the third derivative of i**5/12 - 5*i**4/12 - i**3 - 16*i**2. Let b(l) = 4*q(l) - v(l). Let p = -67 - -73. What is b(p)?
6
Let m = -1072 + 1076. Let i(r) be the first derivative of r**4/4 - r**3 - 3*r**2 + 2*r + 1. Calculate i(m).
-6
Let r be 10*1*(-1)/2. Let b = 3 + r. Let t(d) = d**3 - d**2 + 102*d - 8 + 5 - 106*d. Determine t(b).
-7
Suppose n = -5*v + 2*n + 38, n = -4*v + 16. Let t(g) = 4*g**2 - 4*g + 1. What is t(v)?
121
Let u(c) = -c**3 + 5*c**2 - 5*c + 5. Let i be 5 + -5 + (-246)/(-3). Suppose -f = f - i. Let x = -37 + f. What is u(x)?
1
Let y(a) = -136*a - 6396. Let t be y(-47). Let m(v) = 5*v + 24. Give m(t).
4
Let t(k) = -k**3 - 7*k**2 + 7*k - 3. Let c(o) = 2*o**3 - 25*o**2 + 6*o + 64. Let p(w) = -5*w - 43. Let u be p(-11). Let i be c(u). Determine t(i).
5
Let a(z) = -z**2 - z + 1. Let r = -58 + 56. Let j be ((-7)/21)/((r - 2)/36). Give a(j).
-11
Let g(b) = -b**2 - 4*b - 36. Let v be g(18). Let m be v/45 + (-8)/20. Let z(x) = -x**2 - 10*x - 4. Give z(m).
-4
Suppose -40 = -212*i - 40. Let l(k) be the third derivative of 1/3*k**3 + 5/24*k**4 + 47*k**2 + 0*k + i - 1/30*k**5 - 1/120*k**6. Give l(-3).
-4
Let n(t) be the first derivative of -t**4/2 + 2*t**3 - 5*t**2/2 - 2*t - 854. Determine n(3).
-17
Let g(d) be the first derivative of d**3/3 + 27*d**2/2 + 178*d + 14629. Determine g(-15).
-2
Let q(j) = -3*j**3 - 12*j**2 - 37*j - 56. Let p be q(-3). Let n(d) = -d**3 + 28*d**2 - 15. What is n(p)?
-15
Let o(d) be the third derivative of 0 - 1/60*d**5 + 0*d - 3/8*d**4 - 4/3*d**3 - 45*d**2. What is o(-7)?
6
Suppose 54*c - 14 = 47*c. Let r(k) = -5 + 53*k**2 - k**3 - 162*k**2 + 54*k**2 + 58*k**c + 7*k. Let b = 12 + -8. Calculate r(b).
